{"id":198,"date":"2022-09-29T02:27:49","date_gmt":"2022-09-29T00:27:49","guid":{"rendered":"https:\/\/ebersgoens.info\/?page_id=198"},"modified":"2024-10-31T09:22:28","modified_gmt":"2024-10-31T08:22:28","slug":"ebersgoenser-institutionen","status":"publish","type":"page","link":"https:\/\/ebersgoens.info\/?page_id=198","title":{"rendered":"Ebersg\u00f6nser Institutionen"},"content":{"rendered":"\n<div class=\"wp-block-group has-light-green-cyan-background-color has-background is-layout-flow wp-block-group-is-layout-flow\">\n<h2 class=\"wp-block-heading\">Ortsbeirat Ebersg\u00f6ns<\/h2>\n\n\n\n<ul class=\"wp-block-list\">\n<li>wird im Rahmen der Hessischen Kommunalwahlen durch alle Ebersg\u00f6nser B\u00fcrgerinnen und B\u00fcrger gew\u00e4hlt<\/li>\n\n\n\n<li>wird bei allen wichtigen Entscheidungen Ebersg\u00f6ns betreffend durch den Magistrat befragt und hat beratende Stimme gegen\u00fcber der Stadt Butzbach<\/li>\n\n\n\n<li>bleibt f\u00fcr 5 Jahre im Amt<br>    <\/li>\n\n\n\n<li><a href=\"https:\/\/ebersgoens.info\/?page_id=10\" data-type=\"page\" data-id=\"10\"><strong>Link zum Ortsbeirat &gt;&gt;&gt;<\/strong><\/a><br> <\/li>\n<\/ul>\n<\/div>\n\n\n\n<p><\/p>\n\n\n\n<div class=\"wp-block-group has-background is-layout-flow wp-block-group-is-layout-flow\" style=\"background-color:#faed7f\">\n<h2 class=\"wp-block-heading\">Vereinsring Ebersg\u00f6ns<\/h2>\n\n\n\n<ul class=\"wp-block-list\">\n<li>ist der Dachverband der Ebersg\u00f6nser Vereine<\/li>\n\n\n\n<li>wird von von den Vertretern der Vereine gebildet und f\u00fcr 2 Jahre gew\u00e4hlt<\/li>\n\n\n\n<li>organisiert den Ebersg\u00f6nser Weihnachtsmarkt<br>     <\/li>\n\n\n\n<li><a href=\"https:\/\/ebersgoens.info\/?page_id=13\" data-type=\"page\" data-id=\"13\"><strong>Link zum Vereinsring &gt;&gt;&gt;<\/strong><\/a><br> <\/li>\n<\/ul>\n<\/div>\n\n\n\n<p><\/p>\n\n\n\n<div class=\"wp-block-group has-pale-cyan-blue-background-color has-background is-layout-flow wp-block-group-is-layout-flow\">\n<h2 class=\"wp-block-heading\">Evangelische Kirchengemeinde Ebersg\u00f6ns<\/h2>\n\n\n\n<ul class=\"wp-block-list\">\n<li>besteht seit mindestens 1360<\/li>\n\n\n\n<li>seit 1531 evangelisch<\/li>\n\n\n\n<li><strong>Kontakt: <\/strong><\/li>\n\n\n\n<li><strong>Ab 01.11.2024<\/strong><\/li>\n\n\n\n<li>Pfarrer Christoph Schaaf, Paul-Schneider Stra\u00dfe 12 ,35625 H\u00fcttenberg, Telefon +49 (0)178 1747955, Mail: christoph.schaaf@ekir.de<\/li>\n\n\n\n<li>Pfarramtssekret\u00e4rin Susanne Mappes, Telefon: +49 (0)6403 &#8211; 2469, Telefax: +49 (0)6403 &#8211; 7790058 Mail: Hochelheim-Hoernsheim@ekir.de<\/li>\n\n\n\n<li>( Dienstags bis Donnerstags 09:00 &#8211; 11:00 )<\/li>\n\n\n\n<li>K\u00fcsterin Heike Rettig, Telefon: 06447\/ 922353<\/li>\n\n\n\n<li>Stellvertretender Vorsitzender des Presbyteriums, Matthias Balk, Telefon: +49 (0)172 6240552, Mail: matthias.balk@ekir.de<br><\/li>\n\n\n\n<li><a href=\"https:\/\/www.ebersgoens.de\/\" data-type=\"URL\" data-id=\"https:\/\/www.ebersgoens.de\/\" target=\"_blank\" rel=\"noreferrer noopener\"><strong>Link zur Kirchengemeinde &gt;&gt;&gt;<\/strong><\/a><br> <\/li>\n<\/ul>\n<\/div>\n\n\n\n<p><\/p>\n\n\n\n<div class=\"wp-block-group has-pale-pink-background-color has-background is-layout-flow wp-block-group-is-layout-flow\">\n<h2 class=\"wp-block-heading\">Ortslandwirt<\/h2>\n\n\n\n<ul class=\"wp-block-list\">\n<li>wirkt insbesondere in Angelegenheiten der Agrar- und Marktstruktur, der Landschaftspflege und des Grundst\u00fccksverkehr durch Beratung, Stellungnahme und Erteilung von Ausk\u00fcnften mit<\/li>\n\n\n\n<li>wird aufgrund seiner Ortskenntnisse h\u00e4ufig von der Gemeindeverwaltung, aber auch von anderen Beh\u00f6rden und Institutionen in Anspruch genommen<\/li>\n\n\n\n<li>fungiert h\u00e4ufig als Mittler zwischen Landwirtschaft und Verwaltung sowie der Bev\u00f6lkerung des l\u00e4ndliches Raums<\/li>\n\n\n\n<li>Kontakt: Fabian Schmidt, Telefon: +49 (0)151 &#8211; 253 337 00<\/li>\n\n\n\n<li>Stellvertreter: Christoph Arnold, Zum Wei\u00dfen Stein 44, 35510 Butzbach-Ebersg\u00f6ns, Telefon: +49(0)175 &#8211; 873 190 4<br>     <\/li>\n\n\n\n<li><a href=\"https:\/\/wetteraukreis.de\/service\/natur-landwirtschaft-wasser\/dienstleistungen\/landwirtschaft\/ortslandwirte\" data-type=\"URL\" data-id=\"https:\/\/wetteraukreis.de\/service\/natur-landwirtschaft-wasser\/dienstleistungen\/landwirtschaft\/ortslandwirte\" target=\"_blank\" rel=\"noreferrer noopener\"><strong>Link zum Wetteraukreis &gt;&gt;&gt;<\/strong><\/a><br> <\/li>\n<\/ul>\n<\/div>\n\n\n\n<p><\/p>\n\n\n\n<p><\/p>\n\n\n\n<div class=\"wp-block-group is-layout-flow wp-block-group-is-layout-flow\">\n<div class=\"wp-block-group is-layout-flow wp-block-group-is-layout-flow\"><\/div>\n<\/div>\n","protected":false},"excerpt":{"rendered":"<p>Ortsbeirat Ebersg\u00f6ns Vereinsring Ebersg\u00f6ns Evangelische Kirchengemeinde Ebersg\u00f6ns Ortslandwirt<\/p>\n","protected":false},"author":2,"featured_media":0,"parent":0,"menu_order":0,"comment_status":"closed","ping_status":"closed","template":"","meta":{"colormag_page_container_layout":"default_layout","colormag_page_sidebar_layout":"default_layout","footnotes":""},"class_list":["post-198","page","type-page","status-publish","hentry"],"_links":{"self":[{"href":"https:\/\/ebersgoens.info\/index.php?rest_route=\/wp\/v2\/pages\/198","targetHints":{"allow":["GET"]}}],"collection":[{"href":"https:\/\/ebersgoens.info\/index.php?rest_route=\/wp\/v2\/pages"}],"about":[{"href":"https:\/\/ebersgoens.info\/index.php?rest_route=\/wp\/v2\/types\/page"}],"author":[{"embeddable":true,"href":"https:\/\/ebersgoens.info\/index.php?rest_route=\/wp\/v2\/users\/2"}],"replies":[{"embeddable":true,"href":"https:\/\/ebersgoens.info\/index.php?rest_route=%2Fwp%2Fv2%2Fcomments&post=198"}],"version-history":[{"count":9,"href":"https:\/\/ebersgoens.info\/index.php?rest_route=\/wp\/v2\/pages\/198\/revisions"}],"predecessor-version":[{"id":1036,"href":"https:\/\/ebersgoens.info\/index.php?rest_route=\/wp\/v2\/pages\/198\/revisions\/1036"}],"wp:attachment":[{"href":"https:\/\/ebersgoens.info\/index.php?rest_route=%2Fwp%2Fv2%2Fmedia&parent=198"}],"curies":[{"name":"wp","href":"https:\/\/api.w.org\/{rel}","templated":true}]}}

Ebersgönser Institutionen

<div class="wp-block-group has-light-green-cyan-background-color has-background is-layout-flow wp-block-group-is-layout-flow">
<h2 class="wp-block-heading">Ortsbeirat Ebersgöns</h2>



<ul class="wp-block-list">
<li>wird im Rahmen der Hessischen Kommunalwahlen durch alle Ebersgönser Bürgerinnen und Bürger gewählt</li>



<li>wird bei allen wichtigen Entscheidungen Ebersgöns betreffend durch den Magistrat befragt und hat beratende Stimme gegenüber der Stadt Butzbach</li>



<li>bleibt für 5 Jahre im Amt<br>    </li>



<li><a href="https://ebersgoens.info/?page_id=10" data-type="page" data-id="10"><strong>Link zum Ortsbeirat &gt;&gt;&gt;</strong></a><br> </li>
</ul>
</div>



<p></p>



<div class="wp-block-group has-background is-layout-flow wp-block-group-is-layout-flow" style="background-color:#faed7f">
<h2 class="wp-block-heading">Vereinsring Ebersgöns</h2>



<ul class="wp-block-list">
<li>ist der Dachverband der Ebersgönser Vereine</li>



<li>wird von von den Vertretern der Vereine gebildet und für 2 Jahre gewählt</li>



<li>organisiert den Ebersgönser Weihnachtsmarkt<br>     </li>



<li><a href="https://ebersgoens.info/?page_id=13" data-type="page" data-id="13"><strong>Link zum Vereinsring &gt;&gt;&gt;</strong></a><br> </li>
</ul>
</div>



<p></p>



<div class="wp-block-group has-pale-cyan-blue-background-color has-background is-layout-flow wp-block-group-is-layout-flow">
<h2 class="wp-block-heading">Evangelische Kirchengemeinde Ebersgöns</h2>



<ul class="wp-block-list">
<li>besteht seit mindestens 1360</li>



<li>seit 1531 evangelisch</li>



<li><strong>Kontakt: </strong></li>



<li><strong>Ab 01.11.2024</strong></li>



<li>Pfarrer Christoph Schaaf, Paul-Schneider Straße 12 ,35625 Hüttenberg, Telefon +49 (0)178 1747955, Mail: christoph.schaaf@ekir.de</li>



<li>Pfarramtssekretärin Susanne Mappes, Telefon: +49 (0)6403 &#8211; 2469, Telefax: +49 (0)6403 &#8211; 7790058 Mail: Hochelheim-Hoernsheim@ekir.de</li>



<li>( Dienstags bis Donnerstags 09:00 &#8211; 11:00 )</li>



<li>Küsterin Heike Rettig, Telefon: 06447/ 922353</li>



<li>Stellvertretender Vorsitzender des Presbyteriums, Matthias Balk, Telefon: +49 (0)172 6240552, Mail: matthias.balk@ekir.de<br></li>



<li><a href="https://www.ebersgoens.de/" data-type="URL" data-id="https://www.ebersgoens.de/" target="_blank" rel="noreferrer noopener"><strong>Link zur Kirchengemeinde &gt;&gt;&gt;</strong></a><br> </li>
</ul>
</div>



<p></p>



<div class="wp-block-group has-pale-pink-background-color has-background is-layout-flow wp-block-group-is-layout-flow">
<h2 class="wp-block-heading">Ortslandwirt</h2>



<ul class="wp-block-list">
<li>wirkt insbesondere in Angelegenheiten der Agrar- und Marktstruktur, der Landschaftspflege und des Grundstücksverkehr durch Beratung, Stellungnahme und Erteilung von Auskünften mit</li>



<li>wird aufgrund seiner Ortskenntnisse häufig von der Gemeindeverwaltung, aber auch von anderen Behörden und Institutionen in Anspruch genommen</li>



<li>fungiert häufig als Mittler zwischen Landwirtschaft und Verwaltung sowie der Bevölkerung des ländliches Raums</li>



<li>Kontakt: Fabian Schmidt, Telefon: +49 (0)151 &#8211; 253 337 00</li>



<li>Stellvertreter: Christoph Arnold, Zum Weißen Stein 44, 35510 Butzbach-Ebersgöns, Telefon: +49(0)175 &#8211; 873 190 4<br>     </li>



<li><a href="https://wetteraukreis.de/service/natur-landwirtschaft-wasser/dienstleistungen/landwirtschaft/ortslandwirte" data-type="URL" data-id="https://wetteraukreis.de/service/natur-landwirtschaft-wasser/dienstleistungen/landwirtschaft/ortslandwirte" target="_blank" rel="noreferrer noopener"><strong>Link zum Wetteraukreis &gt;&gt;&gt;</strong></a><br> </li>
</ul>
</div>



<p></p>



<p></p>



<div class="wp-block-group is-layout-flow wp-block-group-is-layout-flow">
<div class="wp-block-group is-layout-flow wp-block-group-is-layout-flow"></div>
</div>

<p>Ortsbeirat Ebersgöns Vereinsring Ebersgöns Evangelische Kirchengemeinde Ebersgöns Ortslandwirt</p>
